e the prime factors of 701?
701
List the prime factors of 685.
5, 137
List the prime factors of 9780.
2, 3, 5, 163
What are the prime factors of 20255?
5, 4051
What are the prime factors of 2522?
2, 13, 97
What are the prime factors of 54042?
2, 3, 9007
What are the prime factors of 8527?
8527
List the prime factors of 143.
11, 13
List the prime factors of 862.
2, 431
What are the prime factors of 22697?
22697
What are the prime factors of 2020?
2, 5, 101
List the prime factors of 81825.
3, 5, 1091
List the prime factors of 1539.
3, 19
What are the prime factors of 3138?
2, 3, 523
What are the prime factors of 67900?
2, 5, 7, 97
What are the prime factors of 2536?
2, 317
What are the prime factors of 82621?
7, 11, 29, 37
What are the prime factors of 9022?
2, 13, 347
What are the prime factors of 12890?
2, 5, 1289
What are the prime factors of 79?
79
What are the prime factors of 11072?
2, 173
List the prime factors of 1171.
1171
What are the prime factors of 5380?
2, 5, 269
What are the prime factors of 137?
137
List the prime factors of 253.
11, 23
List the prime factors of 4722.
2, 3, 787
List the prime factors of 1781.
13, 137
What are the prime factors of 7234?
2, 3617
What are the prime factors of 34820?
2, 5, 1741
List the prime factors of 1050.
2, 3, 5, 7
What are the prime factors of 19616?
2, 613
What are the prime factors of 12960?
2, 3, 5
What are the prime factors of 3386?
2, 1693
What are the prime factors of 13056?
2, 3, 17
List the prime factors of 7214.
2, 3607
What are the prime factors of 730?
2, 5, 73
List the prime factors of 14997.
3, 4999
List the prime factors of 30610.
2, 5, 3061
List the prime factors of 1266.
2, 3, 211
What are the prime factors of 11?
11
What are the prime factors of 24589?
67, 367
List the prime factors of 2928.
2, 3, 61
What are the prime factors of 2041?
13, 157
What are the prime factors of 2277?
3, 11, 23
List the prime factors of 1200.
2, 3, 5
List the prime factors of 34780.
2, 5, 37, 47
What are the prime factors of 18949?
7, 2707
List the prime factors of 30564.
2, 3, 283
List the prime factors of 71162.
2, 7, 13, 17, 23
List the prime factors of 22633.
13, 1741
What are the prime factors of 4241?
4241
What are the prime factors of 430?
2, 5, 43
What are the prime factors of 3433?
3433
What are the prime factors of 2674?
2, 7, 191
What are the prime factors of 2709?
3, 7, 43
List the prime factors of 3987.
3, 443
What are the prime factors of 5075?
5, 7, 29
List the prime factors of 198.
2, 3, 11
What are the prime factors of 4832?
2, 151
List the prime factors of 3578.
2, 1789
What are the prime factors of 4758?
2, 3, 13, 61
What are the prime factors of 20868?
2, 3, 37, 47
List the prime factors of 18124.
2, 23, 197
List the prime factors of 8234.
2, 23, 179
List the prime factors of 4330.
2, 5, 433
List the prime factors of 1224.
2, 3, 17
List the prime factors of 549.
3, 61
What are the prime factors of 895?
5, 179
List the prime factors of 562.
2, 281
List the prime factors of 1396.
2, 349
List the prime factors of 1619.
1619
What are the prime factors of 621?
3, 23
What are the prime factors of 5215?
5, 7, 149
What are the prime factors of 2106?
2, 3, 13
List the prime factors of 19266.
2, 3, 13, 19
What are the prime factors of 2643?
3, 881
List the prime factors of 3579.
3, 1193
List the prime factors of 36848.
2, 7, 47
List the prime factors of 14582.
2, 23, 317
What are the prime factors of 12339?
3, 457
What are the prime factors of 28338?
2, 3, 4723
List the prime factors of 255.
3, 5, 17
What are the prime factors of 1711?
29, 59
What are the prime factors of 2111?
2111
List the prime factors of 17527.
17, 1031
What are the prime factors of 13042?
2, 6521
What are the prime factors of 1174?
2, 587
What are the prime factors of 68?
2, 17
What are the prime factors of 5708?
2, 1427
List the prime factors of 434.
2, 7, 31
List the prime factors of 608.
2, 19
What are the prime factors of 180?
2, 3, 5
What are the prime factors of 5370?
2, 3, 5, 179
What are the prime factors of 1116?
2, 3, 31
What are the prime factors of 1194?
2, 3, 199
List the prime factors of 72349.
71, 1019
List the prime factors of 466.
2, 233
List the prime factors of 1635.
3, 5, 109
What are the prime factors of 192?
2, 3
List the prime factors of 34302.
2, 3, 5717
What are the prime factors of 25113?
3, 11, 761
What are the prime factors of 2019?
3, 673
List the prime factors of 34998.
2, 3, 19, 307
What are the prime factors of 14703?
3, 13, 29
List the prime factors of 1797.
3, 599
List the prime factors of 90061.
113, 797
List the prime factors of 813.
3, 271
List the prime factors of 12403.
79, 157
What are the prime factors of 8748?
2, 3
What are the prime factors of 55998?
2, 3, 17, 61
What are the prime factors of 768?
2, 3
List the prime factors of 61294.
2, 19, 1613
What are the prime factors of 950?
2, 5, 19
List the prime factors of 75902.
2, 37951
List the prime factors of 601.
601
What are the prime factors of 107285?
5, 43, 499
List the prime factors of 9871.
9871
List the prime factors of 722.
2, 19
What are the prime factors of 52328?
2, 31, 211
List the prime factors of 942.
2, 3, 157
What are the prime factors of 91687?
277, 331
What are the prime factors of 12058?
2, 6029
List the prime factors of 8353.
8353
List the prime factors of 16139.
16139
What are the prime factors of 3185?
5, 7, 13
What are the prime factors of 2434?
2, 1217
List the prime factors of 1291.
1291
List the prime factors of 847.
7, 11
List the prime factors of 2242.
2, 19, 59
What are the prime factors of 5216?
2, 163
List the prime factors of 15748.
2, 31, 127
List the prime factors of 11382.
2, 3, 7, 271
List the prime factors of 4371.
3, 31, 47
List the prime factors of 1920.
2, 3, 5
What are the prime factors of 8383?
83, 101
What are the prime factors of 874?
2, 19, 23
What are the prime factors of 1785?
3, 5, 7, 17
List the prime factors of 79920.
2, 3, 5, 37
List the prime factors of 11003.
11003
What are the prime factors of 60769?
67, 907
List the prime factors of 773.
773
List the prime factors of 1399.
1399
List the prime factors of 1231.
1231
List the prime factors of 1984.
2, 31
What are the prime factors of 64658?
2, 11, 2939
What are the prime factors of 61674?
2, 3, 19, 541
What are the prime factors of 13885?
5, 2777
What are the prime factors of 1666?
2, 7, 17
What are the prime factors of 50519?
7, 1031
List the prime factors of 29645.
5, 7, 11
What are the prime factors of 43005?
3, 5, 47, 61
List the prime factors of 8466.
2, 3, 17, 83
What are the prime factors of 5948?
2, 1487
What are the prime factors of 45330?
2, 3, 5, 1511
What are the prime factors of 52757?
52757
List the prime factors of 21448.
2, 7, 383
What are the prime factors of 23900?
2, 5, 239
List the prime factors of 17187.
3, 17, 337
What are the prime factors of 2747?
41, 67
List the prime factors of 283.
283
What are the prime factors of 4073?
4073
List the prime factors of 108436.
2, 27109
What are the prime factors of 635?
5, 127
List the prime factors of 312.
2, 3, 13
What are the prime factors of 110403?
3, 29, 47
What are the prime factors of 654?
2, 3, 109
What are the prime factors of 2311?
2311
List the prime factors of 26710.
2, 5, 2671
What are the prime factors of 136943?
136943
What are the prime factors of 6187?
23, 269
What are the prime factors of 673?
673
List the prime factors of 1007.
19, 53
What are the prime factors of 5797?
11, 17, 31
What are the prime factors of 134?
2, 67
List the prime factors of 609.
3, 7, 29
What are the prime factors of 10937?
10937
What are the prime factors of 24545?
5, 4909
List the prime factors of 23671.
23671
What are the prime factors of 2230?
2, 5, 223
List the prime factors of 44464.
2, 7, 397
List the prime factors of 7489.
7489
List the prime factors of 621.
3, 23
What are the prime factors of 19145?
5, 7, 547
What are the prime factors of 104473?
104473
What are the prime factors of 8235?
3, 5, 61
List the prime factors of 27462.
2, 3, 23, 199
List the prime factors of 14168.
2, 7, 11, 23
What are the prime factors of 3562?
2, 13, 137
List the prime factors of 68013.
3, 11, 229
List the prime factors of 937.
937
List the prime factors of 5366.
2, 2683
What are th